{"id":14,"date":"2015-02-07T00:14:20","date_gmt":"2015-02-06T23:14:20","guid":{"rendered":"http:\/\/df0wb.bendietrich.de\/hpage\/?page_id=14"},"modified":"2017-01-29T22:26:16","modified_gmt":"2017-01-29T21:26:16","slug":"bastelseminar","status":"publish","type":"page","link":"https:\/\/df0wb.de\/?page_id=14","title":{"rendered":"Bastelseminar"},"content":{"rendered":"<p>Bastelseminar im OV Winterberg<\/p>\n<p>Die Mitglieder des Ortsverbands besch\u00e4ftigen sich mit dem Umbau \u00e4lterer C-Netz-Telefone vom Typ Siemens C5 zum 70cm Amateurfunkger\u00e4t. Nach diesem Umbau besitzt man einen fertiges UKW-Funkger\u00e4t.<br \/>\nM\u00f6glich wurde dieses Projekt durch die hervorragende Arbeit des Amateurfunkers Jan Alte, DO1FJN. Auf seiner Homepage beschreibt er im Detail den Umbau und seine Vorarbeit, n\u00e4mlich das Schaltplanstudium, Sichten der disassemblierten Ger\u00e4te-Software und das Mith\u00f6ren von Verbindungen (Serielle, Busse).<br \/>\nAn dieser Stelle ein herzlicher Dank an Jan!<br \/>\nQuelle und weitere Infos: <span style=\"color: #ff0000; font-family: Arial Black;\"><b>www.digisolutions.de<\/b><\/span><\/p>\n<p><img loading=\"lazy\" decoding=\"async\" class=\"alignnone wp-image-22 size-full\" src=\"http:\/\/df0wb.de\/wp-content\/uploads\/2015\/02\/m1040246.jpg\" width=\"640\" height=\"480\" srcset=\"https:\/\/df0wb.de\/wp-content\/uploads\/2015\/02\/m1040246.jpg 640w, https:\/\/df0wb.de\/wp-content\/uploads\/2015\/02\/m1040246-300x225.jpg 300w\" sizes=\"auto, (max-width: 640px) 100vw, 640px\" \/><img loading=\"lazy\" decoding=\"async\" class=\"alignnone wp-image-23 size-full\" src=\"http:\/\/df0wb.de\/wp-content\/uploads\/2015\/02\/md000084.jpg\" width=\"640\" height=\"480\" srcset=\"https:\/\/df0wb.de\/wp-content\/uploads\/2015\/02\/md000084.jpg 640w, https:\/\/df0wb.de\/wp-content\/uploads\/2015\/02\/md000084-300x225.jpg 300w\" sizes=\"auto, (max-width: 640px) 100vw, 640px\" \/><img loading=\"lazy\" decoding=\"async\" class=\"alignnone wp-image-24 size-full\" src=\"http:\/\/df0wb.de\/wp-content\/uploads\/2015\/02\/md000085.jpg\" width=\"640\" height=\"480\" srcset=\"https:\/\/df0wb.de\/wp-content\/uploads\/2015\/02\/md000085.jpg 640w, https:\/\/df0wb.de\/wp-content\/uploads\/2015\/02\/md000085-300x225.jpg 300w\" sizes=\"auto, (max-width: 640px) 100vw, 640px\" \/><img loading=\"lazy\" decoding=\"async\" class=\"alignnone wp-image-25 size-full\" src=\"http:\/\/df0wb.de\/wp-content\/uploads\/2015\/02\/md000086.jpg\" width=\"640\" height=\"480\" srcset=\"https:\/\/df0wb.de\/wp-content\/uploads\/2015\/02\/md000086.jpg 640w, https:\/\/df0wb.de\/wp-content\/uploads\/2015\/02\/md000086-300x225.jpg 300w\" sizes=\"auto, (max-width: 640px) 100vw, 640px\" \/><img loading=\"lazy\" decoding=\"async\" class=\"alignnone wp-image-26 size-full\" src=\"http:\/\/df0wb.de\/wp-content\/uploads\/2015\/02\/md000087.jpg\" width=\"640\" height=\"480\" srcset=\"https:\/\/df0wb.de\/wp-content\/uploads\/2015\/02\/md000087.jpg 640w, https:\/\/df0wb.de\/wp-content\/uploads\/2015\/02\/md000087-300x225.jpg 300w\" sizes=\"auto, (max-width: 640px) 100vw, 640px\" \/><img loading=\"lazy\" decoding=\"async\" class=\"alignnone wp-image-27 size-full\" src=\"http:\/\/df0wb.de\/wp-content\/uploads\/2015\/02\/md000088.jpg\" width=\"640\" height=\"480\" srcset=\"https:\/\/df0wb.de\/wp-content\/uploads\/2015\/02\/md000088.jpg 640w, https:\/\/df0wb.de\/wp-content\/uploads\/2015\/02\/md000088-300x225.jpg 300w\" sizes=\"auto, (max-width: 640px) 100vw, 640px\" \/><img loading=\"lazy\" decoding=\"async\" class=\"alignnone wp-image-28 size-full\" src=\"http:\/\/df0wb.de\/wp-content\/uploads\/2015\/02\/md000089.jpg\" width=\"640\" height=\"480\" srcset=\"https:\/\/df0wb.de\/wp-content\/uploads\/2015\/02\/md000089.jpg 640w, https:\/\/df0wb.de\/wp-content\/uploads\/2015\/02\/md000089-300x225.jpg 300w\" sizes=\"auto, (max-width: 640px) 100vw, 640px\" \/><img loading=\"lazy\" decoding=\"async\" class=\"alignnone wp-image-29 size-full\" src=\"http:\/\/df0wb.de\/wp-content\/uploads\/2015\/02\/md000090.jpg\" width=\"640\" height=\"480\" srcset=\"https:\/\/df0wb.de\/wp-content\/uploads\/2015\/02\/md000090.jpg 640w, https:\/\/df0wb.de\/wp-content\/uploads\/2015\/02\/md000090-300x225.jpg 300w\" sizes=\"auto, (max-width: 640px) 100vw, 640px\" \/><img loading=\"lazy\" decoding=\"async\" class=\"alignnone wp-image-20 size-full\" src=\"http:\/\/df0wb.de\/wp-content\/uploads\/2015\/02\/md000091.jpg\" width=\"640\" height=\"480\" srcset=\"https:\/\/df0wb.de\/wp-content\/uploads\/2015\/02\/md000091.jpg 640w, https:\/\/df0wb.de\/wp-content\/uploads\/2015\/02\/md000091-300x225.jpg 300w\" sizes=\"auto, (max-width: 640px) 100vw, 640px\" \/>\u00a0\u00a0\u00a0\u00a0\u00a0\u00a0\u00a0 <img loading=\"lazy\" decoding=\"async\" class=\"alignnone wp-image-21 size-full\" src=\"http:\/\/df0wb.de\/wp-content\/uploads\/2015\/02\/md000118.jpg\" width=\"640\" height=\"480\" srcset=\"https:\/\/df0wb.de\/wp-content\/uploads\/2015\/02\/md000118.jpg 640w, https:\/\/df0wb.de\/wp-content\/uploads\/2015\/02\/md000118-300x225.jpg 300w\" sizes=\"auto, (max-width: 640px) 100vw, 640px\" \/><\/p>\n","protected":false},"excerpt":{"rendered":"<p>Bastelseminar im OV Winterberg Die Mitglieder des Ortsverbands besch\u00e4ftigen sich mit dem Umbau \u00e4lterer C-Netz-Telefone vom Typ Siemens C5 zum 70cm Amateurfunkger\u00e4t. Nach diesem Umbau besitzt man einen fertiges UKW-Funkger\u00e4t. M\u00f6glich wurde dieses Projekt durch die hervorragende Arbeit des Amateurfunkers Jan Alte, DO1FJN. Auf seiner Homepage beschreibt er im Detail den Umbau und seine Vorarbeit, &hellip; <a href=\"https:\/\/df0wb.de\/?page_id=14\" class=\"more-link\"><span class=\"screen-reader-text\">Bastelseminar<\/span> weiterlesen <span class=\"meta-nav\">&rarr;<\/span><\/a><\/p>\n","protected":false},"author":1,"featured_media":0,"parent":0,"menu_order":0,"comment_status":"closed","ping_status":"closed","template":"","meta":{"footnotes":""},"class_list":["post-14","page","type-page","status-publish","hentry"],"_links":{"self":[{"href":"https:\/\/df0wb.de\/index.php?rest_route=\/wp\/v2\/pages\/14","targetHints":{"allow":["GET"]}}],"collection":[{"href":"https:\/\/df0wb.de\/index.php?rest_route=\/wp\/v2\/pages"}],"about":[{"href":"https:\/\/df0wb.de\/index.php?rest_route=\/wp\/v2\/types\/page"}],"author":[{"embeddable":true,"href":"https:\/\/df0wb.de\/index.php?rest_route=\/wp\/v2\/users\/1"}],"replies":[{"embeddable":true,"href":"https:\/\/df0wb.de\/index.php?rest_route=%2Fwp%2Fv2%2Fcomments&post=14"}],"version-history":[{"count":9,"href":"https:\/\/df0wb.de\/index.php?rest_route=\/wp\/v2\/pages\/14\/revisions"}],"predecessor-version":[{"id":92,"href":"https:\/\/df0wb.de\/index.php?rest_route=\/wp\/v2\/pages\/14\/revisions\/92"}],"wp:attachment":[{"href":"https:\/\/df0wb.de\/index.php?rest_route=%2Fwp%2Fv2%2Fmedia&parent=14"}],"curies":[{"name":"wp","href":"https:\/\/api.w.org\/{rel}","templated":true}]}}